igit of (-18 - (-17 + 8) - 4/(-1)) + 2304?
9
Let m(v) = -3*v**3 + 5*v**2 + 9*v + 18. Let j = -382 - -377. What is the units digit of m(j)?
3
Suppose -g = -2*k + 178, -218 - 49 = -3*k + 5*g. Let a = -85 + k. What is the units digit of (-13)/((-52)/(-102))*a/(-6)?
7
Suppose 0 = -4*i + 4, -9*k + 11*k - 4493 = -5*i. Suppose -451 + k = 11*a. What is the tens digit of a?
6
Let b(k) = 19*k - 53. Let n = 87 - 82. Let z(c) = -1. Let j(w) = n*z(w) - b(w). What is the hundreds digit of j(-7)?
1
Suppose -1431 = -25*i - 4556. Suppose 11 = -q - 5. Let n = q - i. What is the tens digit of n?
0
Let y(u) = 5391*u**3 + 9*u**2 - 5*u - 4. What is the units digit of y(1)?
1
Let g(o) = o**3 + 28 - 390*o**2 - 2*o**3 + 393*o**2 + o. Let h be g(0). What is the tens digit of 832/28 + 8/h?
3
Let w(i) = i**3 + 15*i**2 - 13*i + 47. Let a be w(-16). Let k(y) = 1305*y**2 + 4*y + 3. What is the units digit of k(a)?
4
Let l = -2121 - -1074. Let q = l - -1559. What is the tens digit of q?
1
Let s = 9496 - 7825. What is the tens digit of s?
7
Let z(t) = 7*t**3 - 19*t**2 + 42*t - 46. Let q(d) = -16*d**3 + 37*d**2 - 83*d + 92. Let i(o) = 3*q(o) + 7*z(o). What is the tens digit of i(20)?
5
Let a(l) = -l**2 - 5*l + 22. Let f be a(-8). Let v be 8/(f + 24/9). Suppose -4*b - v = -8*b. What is the units digit of b?
3
Let h(p) = 7*p**2 - 35*p - 8. Let k be h(6). Suppose -2*b + 20 = w - k, 5*b + 19 = w. What is the tens digit of w?
4
Let d(h) = 6*h + 40. Let m be d(-8). Let b be (-4)/m*5/((-15)/(-72)). What is the tens digit of b*(-2 + (-76)/(-16))?
3
Suppose -3*x + 5*u + 14533 = 3503, -2 = -u. What is the tens digit of x?
8
Suppose 173423 + 84471 = 13*o. What is the ten thousands digit of o?
1
Suppose -3*s + s = 2*v + 360, -5*v - 3*s - 910 = 0. Let b = v + 43. What is the units digit of (b/5)/(24/(-60))?
1
Let b(l) = -180*l**3 + 3*l**2 + 7*l - 6. What is the hundreds digit of b(-5)?
5
Let x be -3*(52/12 + -5) + 3. Suppose -x*b + 523 = 2*k - 490, 5 = -5*k. What is the tens digit of b?
0
Let k(s) = 2704*s**2 - 197*s - 197. What is the hundreds digit of k(-1)?
7
Suppose 0 = l + 964 - 32. Let b = l - -1446. What is the units digit of b?
4
Suppose -2*h + 8 = 2*w - w, -4*h = -2*w. Suppose w*o + 9 = o. What is the tens digit of (o - -2)*(-429)/13?
3
Suppose -7*u = 5*u. Suppose 2*x - 854 - 177 = 5*r, -5*x - 2*r + 2534 = u. What is the hundreds digit of x?
5
Let a be (-4)/(-14) + (-120)/(-70). Suppose -2 = p - 5, p = -a*k + 1. What is the tens digit of (12/(-24))/(k/88)?
4
Let y(m) = -11*m + 14. Let p be y(9). Let k = 97 + p. What is the tens digit of (-3 - -16)*(k - 4)*2?
0
What is the hundreds digit of (8 - 92)*(2135/4)/(-7)?
4
Let i(o) = -7 - 2*o**2 + o**2 + 22 + 7*o**3 - 11*o + 8*o**3. What is the hundreds digit of i(2)?
1
Suppose -4*f - 12085 = -a, a - 3*f - 16010 = -3923. What is the units digit of a?
3
Let r(t) = 16*t**3 + 4*t**2 - 12*t + 8. Let n(m) = 15*m**3 + 3*m**2 - 11*m + 8. Let c(g) = -2*n(g) + 3*r(g). What is the tens digit of c(3)?
0
Suppose -5691 = -5*u + 3*v, -3*v - 13 + 1144 = u. Let m = 247 + u. What is the thousands digit of m?
1
Suppose 163*t = 192*t - 1383677. What is the ten thousands digit of t?
4
Let b = 23 + -28. Let j be (-35)/b*6/14. Suppose -j*v + z + 27 = 0, 0 = -4*v - z + 25 + 11. What is the units digit of v?
9
Let r = 3656 + 940. What is the units digit of r?
6
Let j = 1605 + 3020. What is the tens digit of j?
2
Let j = -9781 + 20040. What is the units digit of j?
9
Suppose -9*y - 666 = -6*y. Let z = y + 432. Suppose -7*r = -r - z. What is the tens digit of r?
3
Let t be 102/27 + 3/(-54)*-4. Suppose -m + t*n + 5 + 14 = 0, n = -3*m + 18. Suppose o = -m*o + 104. What is the tens digit of o?
1
Let s(f) = 12767*f**2 + 8*f + 22. What is the units digit of s(2)?
6
Suppose 0 = -5*n + 5*s + 6405, 0 = -n - 5*s + 3*s + 1293. Suppose 7*g = 1116 + n. What is the hundreds digit of g?
3
Let h = 3115 + 22992. What is the ten thousands digit of h?
2
Suppose -2*v - m = -27294, -5*m - 4066 = -3*v + 36888. What is the tens digit of v?
4
Suppose -4*r = -3*k + 1042, 0 = 2*k - 3 - 1. Let s = r + 1031. What is the tens digit of s?
7
Let q(h) = -1. Let o(a) = a**2 + 18*a - 18. Let f(b) = -o(b) + 5*q(b). Let p(c) = c**2 + c + 1. Let t(r) = -f(r) - 2*p(r). What is the tens digit of t(9)?
4
Let h(k) = 184*k**3 + 10*k**2 - 40*k + 55. What is the thousands digit of h(3)?
4
Let u(b) = b**3 - 11*b**2 + 6*b - 10. Let w be u(10). Let r = -9 - w. Suppose -36*h = -r*h + 485. What is the units digit of h?
7
Suppose -k - 12 - 10 = 4*p, -3*k - 5*p = 38. Let a(c) = -20*c - 64. What is the tens digit of a(k)?
5
Let r(b) = 67*b**2 + 25*b + 91. Let q be r(-8). Suppose -645 = 2*a - q. What is the units digit of a?
7
Let y = -73281 + 108956. What is the tens digit of y?
7
Let u(v) = 14181*v**2 - 32*v + 22. What is the hundreds digit of u(-2)?
8
Let m(u) = -13*u + u**2 + 4*u + 21*u + 96 + 18*u. What is the thousands digit of m(28)?
1
Let w = -3099 - -8769. What is the hundreds digit of w?
6
What is the units digit of (12285/8*(-2)/(-5))/(73/1168)?
8
Let y be -10*(-5)/((-125)/(-10)). Suppose d + 1 = p - 3, 3*p = -y*d - 23. What is the units digit of (-14)/(1/(-1)) + p?
3
Let b be 2*(-195)/(18/(-6)). What is the units digit of b/(-3)*-6*(-15)/(-10)?
0
Let s = -111 - -53. Let v be (267/18*2)/(2/6). Let p = v - s. What is the units digit of p?
7
Let r(j) = -17*j - 40. Let i be r(-4). What is the tens digit of (-7 + 3 + 2667/i)*4?
6
Suppose -784*s + 3020500 = -534*s. What is the thousands digit of s?
2
Let s = -29616 - -45812. What is the tens digit of s?
9
Let a = 11015 - -12567. What is the hundreds digit of a?
5
Let z(n) = 100*n + 117. Let y(k) = -103*k - 116. Let j(t) = -3*y(t) - 2*z(t). What is the hundreds digit of j(9)?
0
Let x be (-22)/22*(-11 - 1). Suppose -3*u - 3 + x = 0. Suppose -j - 2 = 2*w - 22, 0 = -u*j - w + 60. What is the units digit of j?
0
Suppose -17840 = -2*x + o, 18*x - 35688 = 14*x + 4*o. What is the hundreds digit of x?
9
What is the tens digit of (-15 - -87)/9 + 59511?
1
Suppose -799666 - 1274551 = -93*h + 713551. What is the hundreds digit of h?
9
Let a be (-12)/(-28) + (-150)/(-42). Let w = 147 - 95. Let u = w - a. What is the tens digit of u?
4
Suppose 0 = -4*x + 1341 + 379. Suppose -5457 + x = -11*i. What is the units digit of i?
7
Let y = -73 - -78. Suppose w - 3*k = 801, k + 4038 = y*w - 3*k. Let b = w + -557. What is the tens digit of b?
5
Suppose 2998 = 4*c + 566. Suppose -4*g = -2*g - c. What is the units digit of g?
4
Suppose -5*t - 22*m + 27400 = -17*m, -3*t - 5*m = -16448. What is the tens digit of t?
7
Let f be 3/(-4) + (-3 - 15/(-20)). Let v be 238 - -6 - (-9)/f. Let m = -154 + v. What is the units digit of m?
7
Suppose 4*o - 43414 = -3*k + 40514, 62946 = 3*o + 2*k. What is the ten thousands digit of o?
2
Suppose -3 = 3*s - 6, -5*s = -2*v + 479. Let z = v - -211. What is the units digit of z?
3
Suppose 0 = 2*h + 4*h - 2376. Let m = -118 + h. What is the units digit of m?
8
Let u(p) be the second derivative of 13*p**4/12 + p**2 + 22*p + 2. What is the hundreds digit of u(6)?
4
Let h = 276 - 256. What is the tens digit of h/4 + (232 - 6)?
3
Suppose -14 = -3*g + 1. Suppose 0 = -25*r + 21*r + 2*p + 18, -2*p - 14 = -2*r. What is the tens digit of 102 + 11 - (-1 + g - r)?
1
Let j(l) = -55*l - 571. What is the thousands digit of j(-30)?
1
What is the ten thousands digit of (490/(-25))/((-1)/(3/(-9)*-4605))?
3
Let o(a) = 400*a + 535. What is the tens digit of o(13)?
3
Let h = -88905 + 125521. What is the hundreds digit of h?
6
Suppose 0 = -5*n - 2*n + 5824. Suppose -7*c + 99 = -n. What is the tens digit of c?
3
Let z(n) be the second derivative of 1/4*n**4 + 0*n**2 - 4*n - 1/2*n**3 + 0 - 1/5*n**5. What is the hundreds digit of z(-3)?
1
Let r(t) = 1306*t**2 - 155*t - 671. What is the ten thousands digit of r(-4)?
2
Let d = -5125 + 7821. Suppose -11*k + 1253 + d = 0. What is the tens digit of k?
5
Let a be -12*((-3)/(-2) + 22/(-12)). Suppose -3*d + 3 = a*t, -d - 5 + 1 = 3*t. What is the tens digit of 89 + (t - (-2 + -1))?
8
Let v(c) = -1096*c - 28. Let b(u) = u**2 + 6*u - 17. Let w be b(-8). What is the tens digit of v(w)?
6
Let i(n) = 2*n**3 + 14*n - 9. Let z be i(5). Let k = 558 - z. Suppose -67 - 70 = -3*d + 4*h, -5*d + 2*h = -k. What is the tens digit of d?
5
Suppose -404*